{"id":308,"date":"2021-11-08T08:31:42","date_gmt":"2021-11-08T07:31:42","guid":{"rendered":"https:\/\/sezamspoa.pl\/?page_id=308"},"modified":"2023-11-13T21:13:02","modified_gmt":"2023-11-13T20:13:02","slug":"podziekowania","status":"publish","type":"page","link":"https:\/\/sezamspoa.pl\/?page_id=308","title":{"rendered":"Podzi\u0119kowania"},"content":{"rendered":"<p><img loading=\"lazy\" decoding=\"async\" class=\"alignnone size-medium wp-image-582\" src=\"https:\/\/sezamspoa.pl\/wp-content\/uploads\/2023\/11\/podziekowania1-300x225.jpg\" alt=\"\" width=\"300\" height=\"225\" srcset=\"https:\/\/sezamspoa.pl\/wp-content\/uploads\/2023\/11\/podziekowania1-300x225.jpg 300w, https:\/\/sezamspoa.pl\/wp-content\/uploads\/2023\/11\/podziekowania1-700x525.jpg 700w, https:\/\/sezamspoa.pl\/wp-content\/uploads\/2023\/11\/podziekowania1-768x576.jpg 768w, https:\/\/sezamspoa.pl\/wp-content\/uploads\/2023\/11\/podziekowania1.jpg 1200w\" sizes=\"auto, (max-width: 300px) 100vw, 300px\" \/> <img loading=\"lazy\" decoding=\"async\" class=\"alignnone size-medium wp-image-583\" src=\"https:\/\/sezamspoa.pl\/wp-content\/uploads\/2023\/11\/podziekowania3-225x300.jpg\" alt=\"\" width=\"225\" height=\"300\" srcset=\"https:\/\/sezamspoa.pl\/wp-content\/uploads\/2023\/11\/podziekowania3-225x300.jpg 225w, https:\/\/sezamspoa.pl\/wp-content\/uploads\/2023\/11\/podziekowania3-700x933.jpg 700w, https:\/\/sezamspoa.pl\/wp-content\/uploads\/2023\/11\/podziekowania3-768x1024.jpg 768w, https:\/\/sezamspoa.pl\/wp-content\/uploads\/2023\/11\/podziekowania3-1152x1536.jpg 1152w, https:\/\/sezamspoa.pl\/wp-content\/uploads\/2023\/11\/podziekowania3.jpg 1200w\" sizes=\"auto, (max-width: 225px) 100vw, 225px\" \/> <img loading=\"lazy\" decoding=\"async\" class=\"alignnone size-medium wp-image-584\" src=\"https:\/\/sezamspoa.pl\/wp-content\/uploads\/2023\/11\/podziekowania2-300x225.jpg\" alt=\"\" width=\"300\" height=\"225\" srcset=\"https:\/\/sezamspoa.pl\/wp-content\/uploads\/2023\/11\/podziekowania2-300x225.jpg 300w, https:\/\/sezamspoa.pl\/wp-content\/uploads\/2023\/11\/podziekowania2-700x525.jpg 700w, https:\/\/sezamspoa.pl\/wp-content\/uploads\/2023\/11\/podziekowania2-768x576.jpg 768w, https:\/\/sezamspoa.pl\/wp-content\/uploads\/2023\/11\/podziekowania2.jpg 1200w\" sizes=\"auto, (max-width: 300px) 100vw, 300px\" \/><\/p>\n<p>&nbsp;<\/p>\n<p>27.08.2023 odby\u0142 si\u0119 ju\u017c kolejny VI Niebieski Bieg, kt\u00f3rego celem jest popularyzowanie wiedzy na temat spektrum autyzmu, integracja spo\u0142eczna<br \/>\noraz zach\u0119canie do aktywnego sp\u0119dzania wolnego czasu.<br \/>\nTrasa biegu prowadzi\u0142a B\u0142oniami Nadwi\u015bla\u0144skimi i zosta\u0142 on podzielony na dwa bloki: dla dzieci &#8211; dystans &#8211; 500m. oraz dla doros\u0142ych 3,5 km.<\/p>\n<p>W naszym Biegu nie liczy\u0142 si\u0119 czas i zdobyte miejsce, liczy\u0142 si\u0119 wsp\u00f3lnie sp\u0119dzony czas i ka\u017cdy by\u0142 zwyci\u0119zc\u0105.<br \/>\nOpr\u00f3cz biegu na Marinie odby\u0142 si\u0119 piknik rodzinny z licznymi atrakcjami zar\u00f3wno dla du\u017cych jak i ma\u0142ych biegaczy.<br \/>\nBy\u0142y gry i zabawy, loteria fantowa, liczne stoiska z \u017cywno\u015bci\u0105 i strefa relaksu.<\/p>\n<p>A wszystko to uda\u0142o nam si\u0119 zorganizowa\u0107 dzi\u0119ki licznym ofiarodawcom, kt\u00f3rym serdecznie dzi\u0119kujemy.<\/p>\n<p>Dzi\u0119kujemy za niezliczon\u0105 ilo\u015b\u0107 dar\u00f3w rzeczowych oraz wsparcie finansowe firmom:<br \/>\nWojskowe Zak\u0142ady Uzbrojenia S.A., &#8222;PROFIVET&#8221; Bart\u0142omiej Szcze\u015bnik, Karol Wierci\u0144ski S.C., JPD Krupi\u0144ski sp\u00f3\u0142ka z o.o., Ortodent Grudzi\u0105dz.<\/p>\n","protected":false},"excerpt":{"rendered":"<p>&nbsp; 27.08.2023 odby\u0142 si\u0119 ju\u017c kolejny VI Niebieski Bieg, kt\u00f3rego celem jest popularyzowanie wiedzy na temat spektrum autyzmu, integracja spo\u0142eczna oraz zach\u0119canie do aktywnego sp\u0119dzania wolnego czasu. Trasa biegu prowadzi\u0142a &#8230;<\/p>\n","protected":false},"author":1,"featured_media":0,"parent":2,"menu_order":0,"comment_status":"closed","ping_status":"closed","template":"","meta":{"ngg_post_thumbnail":0,"footnotes":""},"class_list":["post-308","page","type-page","status-publish","hentry"],"_links":{"self":[{"href":"https:\/\/sezamspoa.pl\/index.php?rest_route=\/wp\/v2\/pages\/308","targetHints":{"allow":["GET"]}}],"collection":[{"href":"https:\/\/sezamspoa.pl\/index.php?rest_route=\/wp\/v2\/pages"}],"about":[{"href":"https:\/\/sezamspoa.pl\/index.php?rest_route=\/wp\/v2\/types\/page"}],"author":[{"embeddable":true,"href":"https:\/\/sezamspoa.pl\/index.php?rest_route=\/wp\/v2\/users\/1"}],"replies":[{"embeddable":true,"href":"https:\/\/sezamspoa.pl\/index.php?rest_route=%2Fwp%2Fv2%2Fcomments&post=308"}],"version-history":[{"count":5,"href":"https:\/\/sezamspoa.pl\/index.php?rest_route=\/wp\/v2\/pages\/308\/revisions"}],"predecessor-version":[{"id":592,"href":"https:\/\/sezamspoa.pl\/index.php?rest_route=\/wp\/v2\/pages\/308\/revisions\/592"}],"up":[{"embeddable":true,"href":"https:\/\/sezamspoa.pl\/index.php?rest_route=\/wp\/v2\/pages\/2"}],"wp:attachment":[{"href":"https:\/\/sezamspoa.pl\/index.php?rest_route=%2Fwp%2Fv2%2Fmedia&parent=308"}],"curies":[{"name":"wp","href":"https:\/\/api.w.org\/{rel}","templated":true}]}}